w + c*n - 13 = -0, -n = 1. What is x(w)?
-2
Let a(j) = -2*j - 111 + 4*j - 127 + 261. What is a(12)?
47
Suppose 5*j + 4 = -5*p - 1, -j + p = -5. Suppose 5*s + 5 = 2*r, -2*r + 6*r - j*s - 18 = 0. Suppose r*c + 37 = 47. Let h(l) = -l - 2. What is h(c)?
-4
Let j = 110 - 106. Let l(k) = 7 + j*k - 33 - 46 - k. Let r be l(21). Let d(m) = m + 13. Determine d(r).
4
Let y(k) = -k**2 + 4*k + 2. Let b = 372 + -171. Suppose -209 + b = -2*j. Determine y(j).
2
Let u = -754 - -1004. Let f = 248 - u. Let h(w) = w**3 + w**2 + w. Give h(f).
-6
Let g(u) = -1 - 5*u**2 - u - 1 + u**3 + 9*u**2. Let a(c) = -4*c + 22. Let l be a(5). Suppose 2*h + z + 4 = 0, -l*h + 24 = -6*h + 2*z. Calculate g(h).
2
Suppose -3*j + 42 = -5*w, 2*j + 66 = -5*w + j. Let z(h) = 2*h**3 + 22*h**2 - 25*h - 22. Give z(w).
-10
Let y(m) = -4*m - 20. Let u(k) = 4*k + 13. Let i(p) = 4*u(p) + 3*y(p). Give i(-4).
-24
Let p(k) = k**2 + k - 1. Suppose -5*l + 3*l + 5*u = -8, 0 = 5*l - 3*u - 20. Suppose 149 = l*d + n - 74, -181 = -3*d + 2*n. Let x = d + -59. Determine p(x).
1
Let g(l) be the third derivative of -l**6/720 - l**5/10 - 79*l**4/12 + 3*l**2 + 16*l. Let d(w) be the second derivative of g(w). Give d(-6).
-6
Let x(z) be the first derivative of -11*z**2 - 239*z - 477. Determine x(-11).
3
Let r(u) = u**3 + 14*u**2 + 12*u + 6. Suppose m = -5*o + 12, 61*m - 36 = 63*m - 2*o. What is r(m)?
19
Let s(u) = -u**2 + 25*u - 67. Let i be s(22). Let w(c) = 5*c**2 - 2*c - 1. Let q(r) = 5*r - 6*r + 0 - 2 + 3. Let f(b) = i*w(b) - q(b). Give f(2).
-14
Suppose -4*p + 3*s = -15, 2*p - s + 33 - 44 = 0. Let j(u) = u**3 - 8*u**2 - 9*u - 15. Give j(p).
-15
Let b(g) = -g**2 + 2*g + 1. Let f(y) = y**2 + 16*y - 222. Suppose -4*p + 0*d + d = 104, -5*d = -20. Let l be f(p). Calculate b(l).
-2
Let z(c) be the third derivative of -c**6/120 - c**5/5 - 13*c**4/24 - 11*c**3/3 + 2*c**2. Suppose -84*r - 25 = -82*r + h, -8*r + h = 85. Determine z(r).
0
Let q(z) = -15*z. Suppose 406*t + 29 = 377*t. Calculate q(t).
15
Let w(v) = 1208*v - 2448*v - 386 + 1185*v. Determine w(-7).
-1
Let l(g) = 69*g**3 + 19*g**2 + 94*g + 52. Let i(y) = -25*y**3 - 6*y**2 - 34*y - 18. Let w(d) = 11*i(d) + 4*l(d). Calculate w(-7).
143
Let x(p) = -35*p - 43. Let j(s) = 22*s + 22. Let o(u) = 5*j(u) + 3*x(u). Calculate o(6).
11
Suppose 48*n + 71 = 47*n. Let k = n - -74. Let z(v) = -k*v + 1 + v + 4*v. Calculate z(-1).
-1
Let c(o) = -3*o + 3. Let g(m) = 14*m - 34. Let v(l) = 4*c(l) + g(l). Determine v(6).
-10
Let j(d) = 6*d - 16. Let r(g) = 3*g - 8. Let k(y) = 4*j(y) - 7*r(y). Let m(q) = 0*q + 8*q - 23 + 0*q. Let i(l) = -11*k(l) + 4*m(l). Calculate i(-8).
4
Let x be (1 + -1 - 2)*51/51. Let o be x/(-8) - 3/(-4). Let m(p) = -2*p. What is m(o)?
-2
Let o(u) = u**3 + u**2 + 3*u + 2. Let q(v) = -4*v**3 - 13*v**2 - 20*v - 8. Let f(y) = -3*o(y) - q(y). Determine f(-8).
42
Suppose 10 - 33 = -23*y. Suppose -5*w = 31 - y. Let t(v) = -v**2 - 6*v - 4. Give t(w).
-4
Let r(o) = o**2 + 3*o - 4. Suppose -11 = -3*p + 19. Let z be ((-5)/p)/((-2)/240). Let d = z + -65. Give r(d).
6
Let z(s) = -s - s**3 - 2 + 5*s - 4196*s**2 + 4192*s**2. Give z(-5).
3
Suppose 1332*g - 26 = 1319*g. Let l(s) be the first derivative of 7/2*s**g - 16 - 1/3*s**3 - 6*s. Give l(6).
0
Let v(m) be the third derivative of -1/12*m**4 - 2*m + 0 - 25/6*m**3 - 59*m**2. Give v(-12).
-1
Suppose 86*r = 91*r - 75. Let y(o) = 14 - r*o**2 - 11*o**2 - 4 - 4 - 5. Calculate y(-1).
-25
Let g(j) = 6*j**2 + 3*j - 3. Suppose 0 = 36*k - 4*k - 64. Determine g(k).
27
Let b = 3868 - 3863. Let p(n) be the first derivative of -n**3/3 + n**2/2 + 13*n + 10. What is p(b)?
-7
Let l(i) = -i**3 - 8*i - 9. Suppose 24*p = 26*p - t + 1, 6*t + 18 = 0. Calculate l(p).
15
Let j = 215 + -70. Let p(l) = -143*l**2 + 2*l**3 - 2 + 0 + j*l**2. Calculate p(-3).
-38
Let f(l) be the second derivative of -2*l + 0*l**2 + 22 + 1/12*l**4 + 1/3*l**3. Let a(w) = -w + 2. Let d be a(4). Calculate f(d).
0
Let f(b) = -15*b**2 - 11*b - 26. Let r(m) be the second derivative of 7*m**4/12 + 5*m**3/6 + 6*m**2 + 3*m + 7. Let c(g) = -6*f(g) - 13*r(g). Calculate c(1).
0
Let t(l) = -l + 2. Suppose -6*k + 30*k + 24 = 0. Let u(w) = -w**2 - 8*w + 1. Let y(c) = k*u(c) + 3*t(c). Give y(-3).
-1
Suppose -3*p + p + 16 = 2*t, -5*t = -p - 34. Let s be ((-102)/119)/((-2)/t). Let c(l) = 2*l**2 - 2*l - 2. Give c(s).
10
Let b(r) = 2*r - 30. Let w = -1449 + 1464. What is b(w)?
0
Let h(k) = 3*k - 4*k**2 + 20 - 6*k**2 + 3*k**2 - 27. Let c(p) = 6*p**2 - 2*p + 5. Let a(z) = -6*c(z) - 5*h(z). Give a(-7).
-23
Let y(k) = -k**3 + 10*k**2 - 7*k - 11. Suppose -3*n - 285 = -354. Suppose -5*m + 51 = 3*v, -3*m = -n*v + 28*v - 37. Determine y(m).
7
Let f(k) = -9*k**2 - 3*k + 19. Let a(p) = -4*p**2 - p + 9. Let r(q) = -13*a(q) + 6*f(q). Let v be 2/(-7) + (-2)/(-10)*(-21850)/1610. Give r(v).
-6
Suppose 3*f - 8 = -u, 5*f - 2 = 3*f - 4*u. Let a(z) = -4*z + 0*z**3 - 1 + 458*z**2 + z**f - 453*z**2. Determine a(-6).
-13
Let c(j) be the first derivative of -2*j**3/3 - 17*j**2/2 - 28*j + 185. Calculate c(-6).
2
Let h(b) = -4*b**2 - 286*b + 439. Let k be h(-73). Let i(w) = 10*w**2 - 11*w + 10. Give i(k).
9
Let f = 226 - 223. Let q(n) = 1 - 2*n**2 + 3 + n - 102635*n**3 + 102636*n**3. Give q(f).
16
Let c be (-4)/(-3)*(-3)/2. Let x(b) = 4*b + 5. Let p(w) = -13*w - 15. Let q be (-49)/21 - 4 - (-4)/(-6). Let t(y) = c*p(y) + q*x(y). Determine t(5).
-15
Suppose 5*h + 0*h - 83 = -4*y, 2*h - 20 = -y. Let i(w) = w**2 - 18*w - 41. Let k be i(y). Let x = -40 + k. Let p(m) = m**3 - 7*m**2 - m - 1. Determine p(x).
-8
Let r(u) = -16*u - 158. Let o be r(-10). Suppose -16 = -4*f + 6*f + 2*k, 4*f = o*k - 26. Let j(c) = -c**3 - 7*c**2 + 6. What is j(f)?
6
Let b(r) be the third derivative of -32*r**2 + 0 + 2/15*r**5 - 1/120*r**6 - 1/4*r**4 + 0*r + 0*r**3. What is b(7)?
7
Let a(g) = -2*g + 50. Let d = -8780 + 8795. Determine a(d).
20
Let y(n) be the third derivative of n**6/30 + n**4/2 + 13*n**3/6 + 13077*n**2. Determine y(-1).
-3
Let q = 369 - 362. Let p(t) = -28 - 10 + 39 - t**2 + q*t. Let y be (-2)/(-9) - (-86)/18. Determine p(y).
11
Let n(y) = y**3 - 11*y**2 + 32*y - 2. Let a be n(6). Let h(r) = -7*r + 2 - 6 - 2 + a. Determine h(2).
-10
Let y be ((-4)/(-2))/((-9)/(-9)). Let i(w) be the third derivative of 0 - 12*w**y + 0*w + 1/60*w**5 + 1/6*w**3 + 5/24*w**4. What is i(-2)?
-5
Let z(a) = a**3 + 8*a**2 + a + 9. Let l(j) = -j + 3. Let w be l(-6). Suppose w*t + 6 - 42 = 0. Suppose 3*x + x = -o - 27, -t*o = -20. What is z(x)?
1
Let h(q) = 71*q + 211. Let d be h(-3). Let v be -7 - 5/((-3 - d)/1). Let g(s) = -s + 1. Let j(c) = 5*c - 3. Let l(u) = -9*g(u) - 2*j(u). Determine l(v).
-1
Let k(a) = 3*a + 4. Let b(m) = m**3 - 11*m**2 + 11*m - 6. Let v be b(10). Suppose -36 = v*d + 2*r, -4*d + r = -5*d - 11. Give k(d).
-17
Let z(v) = v**2 - 1. Let b be z(2). Let g = 163 - 160. Let o(l) = -2*l**2 + 1 - 2*l**b - 4*l + l + g*l. Determine o(1).
-3
Let b be ((-7)/14)/(2/(-24)). Let w(t) = -1 + 4 - b - t - 2*t. Suppose -m - 2*i - 7 = 0, 0 = -4*m + 2*i - 6*i - 20. What is w(m)?
6
Suppose -22 = -g + 4*j, 37*g + 4*j + 30 = 34*g. Let s(p) = p**3 + 3*p**2 + 3*p + 5. Calculate s(g).
3
Let t(n) = 8*n + 16. Let z be t(2). Suppose 11*u - 19*u = -z. Let d(y) = y**3 - 4*y**2 + 3*y + 2. What is d(u)?
14
Let a(p) be the first derivative of p**4/4 - p**2 - 8*p - 1888. Calculate a(0).
-8
Let u be (-10)/16 - (-45)/(-120). Let w(i) = 6*i + 1. Give w(u).
-5
Let z(y) = 0*y**2 - y - y**2 - y**3 - 6*y**2 - 2 - 4. Let c(r) = -r**3 - 21*r**2 + 12*r + 108. Let g be c(-22). Let m = 321 - g. Calculate z(m).
1
Let q be (-2)/(-2)*-4 - (-7 + (-33)/(-11)). Let i(k) = -8*k - 42. Give i(q).
-42
Let t(b) = -21*b + 9. Let g(k) = 53*k - 24. Let x(v) = 2*g(v) + 4*t(v). What is x(6)?
120
Let h be 12/(12/14*(-105)/(-60)). Let l be (((-54)/15)/(-3))/(h/20). Let x(p) = 1 - 3*p**3 + 2 + 2*p + 2*p**3. Calculate x(l).
-18
Let h(x) = -x**3 + 6 + 6*x**2 - 1 + 238*x - 233*x. Suppose -21 + 3 = l. Let i = l - -25. Calculate h(i).
-9
Let w(g) = -4*g**3 - 2*g**2 + 3*g - 2. Let d(o) = -7*o**3 - 3*o**2 + 5*o - 4. Let t be (-13)/117 + -3 + 34/(-18). Let y(r) = t*w(r) + 3*d(r). Determine y(2).
-6
Let r(o) = 7*o**3 - o**2 + 1. Let m(v) = -v**3 + 2*v**2 + 3*v + 2. Let p be m(3). Suppose -8 = -p*h, -3*g + 0*h = -h - 158. Let k = g + -55. Determine r(k).
-7
Suppose 3*s + b = -5, -4*b = -2*s + s - 